[INFO] cloning repository https://github.com/alidiusk/dice_roller
[INFO] running `Command { std: "git" "-c" "credential.helper=" "-c" "credential.helper=/workspace/cargo-home/bin/git-credential-null" "clone" "--bare" "https://github.com/alidiusk/dice_roller" "/workspace/cache/git-repos/https%3A%2F%2Fgithub.com%2Falidiusk%2Fdice_roller", kill_on_drop: false }`
[INFO] [stderr] Cloning into bare repository '/workspace/cache/git-repos/https%3A%2F%2Fgithub.com%2Falidiusk%2Fdice_roller'...
[INFO] running `Command { std: "git" "rev-parse" "HEAD", kill_on_drop: false }`
[INFO] [stdout] 53bdd22b3213fde98b4dba2d84b7f93e4f36fb74
[INFO] checking alidiusk/dice_roller against master#af3c6e733a40e671550e0f0f5aeecaa13772ba56 for pr-74989
[INFO] running `Command { std: "git" "clone" "/workspace/cache/git-repos/https%3A%2F%2Fgithub.com%2Falidiusk%2Fdice_roller" "/workspace/builds/worker-12/source", kill_on_drop: false }`
[INFO] [stderr] Cloning into '/workspace/builds/worker-12/source'...
[INFO] [stderr] done.
[INFO] validating manifest of git repo https://github.com/alidiusk/dice_roller on toolchain af3c6e733a40e671550e0f0f5aeecaa13772ba56
[INFO] running `Command { std: "/workspace/cargo-home/bin/cargo" "+af3c6e733a40e671550e0f0f5aeecaa13772ba56" "read-manifest" "--manifest-path" "Cargo.toml", kill_on_drop: false }`
[INFO] started tweaking git repo https://github.com/alidiusk/dice_roller
[INFO] removed path dependency dice from git repo https://github.com/alidiusk/dice_roller
[INFO] finished tweaking git repo https://github.com/alidiusk/dice_roller
[INFO] tweaked toml for git repo https://github.com/alidiusk/dice_roller written to /workspace/builds/worker-12/source/Cargo.toml
[INFO] crate git repo https://github.com/alidiusk/dice_roller already has a lockfile, it will not be regenerated
[INFO] running `Command { std: "/workspace/cargo-home/bin/cargo" "+af3c6e733a40e671550e0f0f5aeecaa13772ba56" "fetch" "--locked" "--manifest-path" "Cargo.toml", kill_on_drop: false }`
[INFO] [stderr] warning: dependency (dice) specified without providing a local path, Git repository, or version to use. This will be considered an error in future versions
[INFO] [stderr]     Blocking waiting for file lock on package cache
[INFO] [stderr]     Updating crates.io index
[INFO] [stderr] error: the lock file /workspace/builds/worker-12/source/Cargo.lock needs to be updated but --locked was passed to prevent this
[INFO] [stderr] If you want to try to generate the lock file without accessing the network, use the --offline flag.
[INFO] the lockfile is outdated, regenerating it
[INFO] running `Command { std: "/workspace/cargo-home/bin/cargo" "+af3c6e733a40e671550e0f0f5aeecaa13772ba56" "generate-lockfile" "--manifest-path" "Cargo.toml" "-Zno-index-update", kill_on_drop: false }`
[INFO] [stderr]     Blocking waiting for file lock on package cache
[INFO] running `Command { std: "/workspace/cargo-home/bin/cargo" "+af3c6e733a40e671550e0f0f5aeecaa13772ba56" "fetch" "--locked" "--manifest-path" "Cargo.toml", kill_on_drop: false }`
[INFO] [stderr] warning: dependency (dice) specified without providing a local path, Git repository, or version to use. This will be considered an error in future versions
[INFO] [stderr]     Blocking waiting for file lock on package cache
[INFO] running `Command { std: "docker" "create" "-v" "/var/lib/crater-agent-workspace/builds/worker-12/target:/opt/rustwide/target:rw,Z" "-v" "/var/lib/crater-agent-workspace/builds/worker-12/source:/opt/rustwide/workdir:ro,Z" "-v" "/var/lib/crater-agent-workspace/cargo-home:/opt/rustwide/cargo-home:ro,Z" "-v" "/var/lib/crater-agent-workspace/rustup-home:/opt/rustwide/rustup-home:ro,Z" "-e" "SOURCE_DIR=/opt/rustwide/workdir" "-e" "CARGO_TARGET_DIR=/opt/rustwide/target" "-e" "CARGO_HOME=/opt/rustwide/cargo-home" "-e" "RUSTUP_HOME=/opt/rustwide/rustup-home" "-w" "/opt/rustwide/workdir" "-m" "1610612736" "--user" "0:0" "--network" "none" "rustops/crates-build-env@sha256:d92eaeed33fa75130ca1ee6c8a01d1ffb62bac859dfdfb3450e3e5d1c0146529" "/opt/rustwide/cargo-home/bin/cargo" "+af3c6e733a40e671550e0f0f5aeecaa13772ba56" "metadata" "--no-deps" "--format-version=1", kill_on_drop: false }`
[INFO] [stdout] 1bc35ee0233573c29d4e3d09055d4c68ba0520fbfe616a3d739df107cbc809ee
[INFO] [stderr] WARNING: Your kernel does not support swap limit capabilities or the cgroup is not mounted. Memory limited without swap.
[INFO] running `Command { std: "docker" "start" "-a" "1bc35ee0233573c29d4e3d09055d4c68ba0520fbfe616a3d739df107cbc809ee", kill_on_drop: false }`
[INFO] running `Command { std: "docker" "inspect" "1bc35ee0233573c29d4e3d09055d4c68ba0520fbfe616a3d739df107cbc809ee", kill_on_drop: false }`
[INFO] running `Command { std: "docker" "rm" "-f" "1bc35ee0233573c29d4e3d09055d4c68ba0520fbfe616a3d739df107cbc809ee", kill_on_drop: false }`
[INFO] [stdout] 1bc35ee0233573c29d4e3d09055d4c68ba0520fbfe616a3d739df107cbc809ee
[INFO] running `Command { std: "docker" "create" "-v" "/var/lib/crater-agent-workspace/builds/worker-12/target:/opt/rustwide/target:rw,Z" "-v" "/var/lib/crater-agent-workspace/builds/worker-12/source:/opt/rustwide/workdir:ro,Z" "-v" "/var/lib/crater-agent-workspace/cargo-home:/opt/rustwide/cargo-home:ro,Z" "-v" "/var/lib/crater-agent-workspace/rustup-home:/opt/rustwide/rustup-home:ro,Z" "-e" "SOURCE_DIR=/opt/rustwide/workdir" "-e" "CARGO_TARGET_DIR=/opt/rustwide/target" "-e" "CARGO_INCREMENTAL=0" "-e" "RUST_BACKTRACE=full" "-e" "RUSTFLAGS=--cap-lints=forbid" "-e" "CARGO_HOME=/opt/rustwide/cargo-home" "-e" "RUSTUP_HOME=/opt/rustwide/rustup-home" "-w" "/opt/rustwide/workdir" "-m" "1610612736" "--user" "0:0" "--network" "none" "rustops/crates-build-env@sha256:d92eaeed33fa75130ca1ee6c8a01d1ffb62bac859dfdfb3450e3e5d1c0146529" "/opt/rustwide/cargo-home/bin/cargo" "+af3c6e733a40e671550e0f0f5aeecaa13772ba56" "check" "--frozen" "--all" "--all-targets" "--message-format=json", kill_on_drop: false }`
[INFO] [stdout] f98f3edd6fa259dc756e835a98726e370238c5478890f338622ba0cb859a87d4
[INFO] [stderr] WARNING: Your kernel does not support swap limit capabilities or the cgroup is not mounted. Memory limited without swap.
[INFO] running `Command { std: "docker" "start" "-a" "f98f3edd6fa259dc756e835a98726e370238c5478890f338622ba0cb859a87d4", kill_on_drop: false }`
[INFO] [stderr] warning: dependency (dice) specified without providing a local path, Git repository, or version to use. This will be considered an error in future versions
[INFO] [stderr]     Blocking waiting for file lock on package cache
[INFO] [stderr]    Compiling proc-macro2 v1.0.21
[INFO] [stderr]    Compiling libc v0.2.77
[INFO] [stderr]    Compiling syn v1.0.40
[INFO] [stderr]    Compiling memchr v2.3.3
[INFO] [stderr]     Checking lazy_static v1.4.0
[INFO] [stderr]     Checking fnv v1.0.7
[INFO] [stderr]     Checking rand_core v0.4.2
[INFO] [stderr]    Compiling autocfg v0.1.7
[INFO] [stderr]    Compiling serde v1.0.116
[INFO] [stderr]     Checking slab v0.4.2
[INFO] [stderr]     Checking futures-core v0.3.5
[INFO] [stderr]     Checking futures-sink v0.3.5
[INFO] [stderr]    Compiling ucd-trie v0.1.3
[INFO] [stderr]     Checking tinyvec v0.3.4
[INFO] [stderr]     Checking pin-project-lite v0.1.7
[INFO] [stderr]    Compiling maplit v1.0.2
[INFO] [stderr]     Checking pin-utils v0.1.0
[INFO] [stderr]     Checking regex-syntax v0.6.18
[INFO] [stderr]     Checking quick-error v1.2.3
[INFO] [stderr]    Compiling ryu v1.0.5
[INFO] [stderr]     Checking hashbrown v0.9.0
[INFO] [stderr]     Checking cpuid-bool v0.1.2
[INFO] [stderr]     Checking mime v0.3.16
[INFO] [stderr]     Checking utf-8 v0.7.5
[INFO] [stderr]     Checking futures-io v0.3.5
[INFO] [stderr]     Checking termcolor v1.1.0
[INFO] [stderr]     Checking urlencoding v1.1.1
[INFO] [stderr]     Checking dice v0.1.0
[INFO] [stderr]    Compiling num-integer v0.1.43
[INFO] [stderr]    Compiling indexmap v1.6.0
[INFO] [stderr]    Compiling generic-array v0.14.4
[INFO] [stderr]     Checking input_buffer v0.3.1
[INFO] [stderr]     Checking tracing-core v0.1.16
[INFO] [stderr]     Checking thread_local v1.0.1
[INFO] [stderr]     Checking http v0.2.1
[INFO] [stderr]     Checking futures-channel v0.3.5
[INFO] [stderr]    Compiling pest v2.1.3
[INFO] [stderr]     Checking humantime v1.3.0
[INFO] [stderr]     Checking itertools v0.9.0
[INFO] [stderr]     Checking rand_core v0.3.1
[INFO] [stderr]     Checking rand_jitter v0.1.4
[INFO] [stderr]     Checking unicode-normalization v0.1.13
[INFO] [stderr]     Checking log v0.4.11
[INFO] [stderr]     Checking bitflags v1.2.1
[INFO] [stderr]     Checking rand_isaac v0.1.1
[INFO] [stderr]     Checking rand_xorshift v0.1.1
[INFO] [stderr]     Checking rand_hc v0.1.0
[INFO] [stderr]    Compiling rand_pcg v0.1.2
[INFO] [stderr]    Compiling rand_chacha v0.1.1
[INFO] [stderr]    Compiling rand v0.6.5
[INFO] [stderr]     Checking sha-1 v0.8.2
[INFO] [stderr]     Checking tracing v0.1.19
[INFO] [stderr]     Checking want v0.3.0
[INFO] [stderr]     Checking aho-corasick v0.7.13
[INFO] [stderr]     Checking twoway v0.1.8
[INFO] [stderr]     Checking buf_redux v0.8.4
[INFO] [stderr]     Checking mime_guess v2.0.3
[INFO] [stderr]    Compiling quote v1.0.7
[INFO] [stderr]     Checking block-buffer v0.9.0
[INFO] [stderr]     Checking digest v0.9.0
[INFO] [stderr]     Checking getrandom v0.1.15
[INFO] [stderr]     Checking net2 v0.2.35
[INFO] [stderr]     Checking iovec v0.1.4
[INFO] [stderr]     Checking time v0.1.44
[INFO] [stderr]     Checking rand_os v0.1.3
[INFO] [stderr]     Checking socket2 v0.3.15
[INFO] [stderr]     Checking atty v0.2.14
[INFO] [stderr]     Checking sha-1 v0.9.1
[INFO] [stderr]     Checking mio v0.6.22
[INFO] [stderr]     Checking idna v0.2.0
[INFO] [stderr]     Checking rand_core v0.5.1
[INFO] [stderr]    Compiling pest_meta v2.1.3
[INFO] [stderr]    Compiling proc-quote-impl v0.3.2
[INFO] [stderr]     Checking rand_chacha v0.2.2
[INFO] [stderr]     Checking chrono v0.4.15
[INFO] [stderr]     Checking rand v0.7.3
[INFO] [stderr]     Checking url v2.1.1
[INFO] [stderr]     Checking headers-core v0.2.0
[INFO] [stderr]     Checking http-body v0.3.1
[INFO] [stderr]     Checking regex v1.3.9
[INFO] [stderr]     Checking headers v0.3.2
[INFO] [stderr]     Checking tungstenite v0.11.1
[INFO] [stderr]     Checking tempfile v3.1.0
[INFO] [stderr]     Checking multipart v0.17.0
[INFO] [stderr]     Checking env_logger v0.7.1
[INFO] [stderr]     Checking pretty_env_logger v0.4.0
[INFO] [stderr]    Compiling pest_generator v2.1.3
[INFO] [stderr]    Compiling proc-quote v0.3.2
[INFO] [stderr]    Compiling pin-project-internal v0.4.23
[INFO] [stderr]    Compiling serde_derive v1.0.116
[INFO] [stderr]    Compiling tokio-macros v0.2.5
[INFO] [stderr]    Compiling liquid-derive v0.20.1
[INFO] [stderr]    Compiling pest_derive v2.1.0
[INFO] [stderr]    Compiling thiserror-impl v1.0.20
[INFO] [stderr]     Checking tokio v0.2.22
[INFO] [stderr]     Checking thiserror v1.0.20
[INFO] [stderr]     Checking pin-project v0.4.23
[INFO] [stderr]     Checking futures-util v0.3.5
[INFO] [stderr]     Checking tracing-futures v0.2.4
[INFO] [stderr]     Checking tokio-util v0.3.1
[INFO] [stderr]     Checking h2 v0.2.6
[INFO] [stderr]     Checking futures v0.3.5
[INFO] [stderr]     Checking tokio-tungstenite v0.11.0
[INFO] [stderr]     Checking hyper v0.13.7
[INFO] [stderr]     Checking kstring v0.1.2
[INFO] [stderr]     Checking serde_urlencoded v0.6.1
[INFO] [stderr]     Checking serde_json v1.0.57
[INFO] [stderr]     Checking liquid-core v0.20.2
[INFO] [stderr]     Checking liquid-lib v0.20.2
[INFO] [stderr]     Checking warp v0.2.5
[INFO] [stderr]     Checking liquid v0.20.1
[INFO] [stderr]     Checking dicast v0.1.0 (/opt/rustwide/workdir)
[INFO] [stdout] error[E0432]: unresolved import `dice::dice`
[INFO] [stdout]  --> src/main.rs:5:11
[INFO] [stdout]   |
[INFO] [stdout] 5 | use dice::dice::DiceRoller;
[INFO] [stdout]   |           ^^^^ could not find `dice` in `dice`
[INFO] [stdout] 
[INFO] [stdout] 
[INFO] [stdout] error[E0432]: unresolved import `dice::parse`
[INFO] [stdout]  --> src/main.rs:6:11
[INFO] [stdout]   |
[INFO] [stdout] 6 | use dice::parse::parse_str;
[INFO] [stdout]   |           ^^^^^ could not find `parse` in `dice`
[INFO] [stdout] 
[INFO] [stdout] 
[INFO] [stdout] error[E0432]: unresolved import `dice::dice`
[INFO] [stdout]  --> src/main.rs:5:11
[INFO] [stdout]   |
[INFO] [stdout] 5 | use dice::dice::DiceRoller;
[INFO] [stdout]   |           ^^^^ could not find `dice` in `dice`
[INFO] [stdout] 
[INFO] [stdout] 
[INFO] [stdout] error[E0432]: unresolved import `dice::parse`
[INFO] [stdout]  --> src/main.rs:6:11
[INFO] [stdout]   |
[INFO] [stdout] 6 | use dice::parse::parse_str;
[INFO] [stdout]   |           ^^^^^ could not find `parse` in `dice`
[INFO] [stdout] 
[INFO] [stdout] 
[INFO] [stdout] error: aborting due to 2 previous errors
[INFO] [stdout] 
[INFO] [stdout] 
[INFO] [stdout] For more information about this error, try `rustc --explain E0432`.
[INFO] [stdout] 
[INFO] [stderr] error: could not compile `dicast`.
[INFO] [stderr] 
[INFO] [stderr] To learn more, run the command again with --verbose.
[INFO] [stderr] warning: build failed, waiting for other jobs to finish...
[INFO] [stdout] error: aborting due to 2 previous errors
[INFO] [stdout] 
[INFO] [stdout] 
[INFO] [stdout] For more information about this error, try `rustc --explain E0432`.
[INFO] [stdout] 
[INFO] [stderr] error: build failed
[INFO] running `Command { std: "docker" "inspect" "f98f3edd6fa259dc756e835a98726e370238c5478890f338622ba0cb859a87d4", kill_on_drop: false }`
[INFO] running `Command { std: "docker" "rm" "-f" "f98f3edd6fa259dc756e835a98726e370238c5478890f338622ba0cb859a87d4", kill_on_drop: false }`
[INFO] [stdout] f98f3edd6fa259dc756e835a98726e370238c5478890f338622ba0cb859a87d4
